{"id":320,"date":"2018-08-10T03:46:40","date_gmt":"2018-08-10T03:46:40","guid":{"rendered":"https:\/\/cbmai.cpqba.unicamp.br\/?page_id=320"},"modified":"2025-05-06T13:44:36","modified_gmt":"2025-05-06T16:44:36","slug":"isolamento-e-contagem","status":"publish","type":"page","link":"https:\/\/cbmai.cpqba.unicamp.br\/?page_id=320","title":{"rendered":"Isolamento e contagem"},"content":{"rendered":"<p>A partir de amostras de meio ambiente, mat\u00e9ria prima e produtos industrializados, a CBMAI realiza os seguintes servi\u00e7os:<\/p>\n<p>\u2022 Contagem (UFC\/mL) de <span style=\"font-weight: 400;\">microrganismo<\/span> (bact\u00e9rias, fungos filamentosos e leveduras);<\/p>\n<p>\u2022 Isolamento de <span style=\"font-weight: 400;\">microrganismo<\/span> utilizando os m\u00e9todos de semeadura em profundidade (pour-plate) ou por espalhamento, bem como as condi\u00e7\u00f5es de incuba\u00e7\u00e3o indicadas para cada microrganismo.<\/p>\n<div style=\"border: solid 1px #CCC; background-image: url('https:\/\/cbmai.cpqba.unicamp.br\/wp-content\/uploads\/2018\/09\/3.jpg'); background-size: 100% 100%; height: 325px; margin-bottom: 40px;\"><\/div>\n<p>Caso haja interesse do cliente, os <span style=\"font-weight: 400;\">microrganismo<\/span> isolados poder\u00e3o ser depositados na CBMAI, mediante pr\u00e9via solicita\u00e7\u00e3o \u00e0 Cole\u00e7\u00e3o.<\/p>\n<p>O cliente deve encaminhar um e-mail para <a href=\"mailto:cbmai@cpqba.unicamp.br\">cbmai@cpqba.unicamp.br<\/a> ou para a curadora da Cole\u00e7\u00e3o, Dra. Derlene Attili de Angelis (<a href=\"mailto:derlene@cpqba.unicamp.br\">derlene@cpqba.unicamp.br<\/a>), contendo a solicita\u00e7\u00e3o do servi\u00e7o de interesse, o nome da Institui\u00e7\u00e3o\/Empresa do qual est\u00e1 afiliado e o n\u00famero do telefone.<\/p>\n<p>Um contrato de presta\u00e7\u00e3o de servi\u00e7os (via e-mail) ser\u00e1 encaminhado. Este documento precisa ser preenchido e assinado pelo respons\u00e1vel e devolvido por e-mail.<\/p>\n<p>Somente ap\u00f3s o recebimento do documento assinado poderemos receber a amostra para realiza\u00e7\u00e3o do servi\u00e7o.<\/p>","protected":false},"excerpt":{"rendered":"<p>A partir de amostras de meio ambiente, mat\u00e9ria prima e produtos industrializados, a CBMAI realiza os seguintes servi\u00e7os: \u2022 Contagem (UFC\/mL) de microrganismo (bact\u00e9rias, fungos filamentosos e leveduras); \u2022 Isolamento de microrganismo utilizando os m\u00e9todos de semeadura em profundidade (pour-plate) ou por espalhamento, bem como as condi\u00e7\u00f5es de incuba\u00e7\u00e3o indicadas para cada microrganismo. Caso haja [&hellip;]<\/p>\n","protected":false},"author":4,"featured_media":0,"parent":0,"menu_order":0,"comment_status":"closed","ping_status":"closed","template":"fullwidth.php","meta":{"footnotes":""},"class_list":["post-320","page","type-page","status-publish","hentry"],"_links":{"self":[{"href":"https:\/\/cbmai.cpqba.unicamp.br\/index.php?rest_route=\/wp\/v2\/pages\/320","targetHints":{"allow":["GET"]}}],"collection":[{"href":"https:\/\/cbmai.cpqba.unicamp.br\/index.php?rest_route=\/wp\/v2\/pages"}],"about":[{"href":"https:\/\/cbmai.cpqba.unicamp.br\/index.php?rest_route=\/wp\/v2\/types\/page"}],"author":[{"embeddable":true,"href":"https:\/\/cbmai.cpqba.unicamp.br\/index.php?rest_route=\/wp\/v2\/users\/4"}],"replies":[{"embeddable":true,"href":"https:\/\/cbmai.cpqba.unicamp.br\/index.php?rest_route=%2Fwp%2Fv2%2Fcomments&post=320"}],"version-history":[{"count":1,"href":"https:\/\/cbmai.cpqba.unicamp.br\/index.php?rest_route=\/wp\/v2\/pages\/320\/revisions"}],"predecessor-version":[{"id":733,"href":"https:\/\/cbmai.cpqba.unicamp.br\/index.php?rest_route=\/wp\/v2\/pages\/320\/revisions\/733"}],"wp:attachment":[{"href":"https:\/\/cbmai.cpqba.unicamp.br\/index.php?rest_route=%2Fwp%2Fv2%2Fmedia&parent=320"}],"curies":[{"name":"wp","href":"https:\/\/api.w.org\/{rel}","templated":true}]}}