{"id":169,"date":"2018-07-21T02:01:40","date_gmt":"2018-07-21T02:01:40","guid":{"rendered":"https:\/\/cbmai.cpqba.unicamp.br\/?page_id=169"},"modified":"2025-05-16T10:02:32","modified_gmt":"2025-05-16T13:02:32","slug":"caracterizacao-e-identificacao-de-micro-organismos","status":"publish","type":"page","link":"https:\/\/cbmai.cpqba.unicamp.br\/?page_id=169","title":{"rendered":"Identifica\u00e7\u00e3o e Fingerprint"},"content":{"rendered":"<p>A CBMAI realiza servi\u00e7os de caracteriza\u00e7\u00e3o e identifica\u00e7\u00e3o de <span style=\"font-weight: 400;\">microrganismo<\/span> (bact\u00e9rias, fungos filamentosos e leveduras), baseada na integra\u00e7\u00e3o de dados de taxonomia molecular (sequenciamento de DNA, an\u00e1lise de dist\u00e2ncia gen\u00e9tica e t\u00e9cnicas de fingerprint) e dados de taxonomia convencional (caracter\u00edsticas morfol\u00f3gicas). M\u00e9todos independentes de cultivo s\u00e3o utilizados para a caracteriza\u00e7\u00e3o da diversidade microbiana por sequenciamento em larga escala.<\/p>\n<p>A caracteriza\u00e7\u00e3o e\/ou identifica\u00e7\u00e3o taxon\u00f4mica s\u00f3 poder\u00e3o ser efetivadas ap\u00f3s assinatura do Contrato de Servi\u00e7o. Para tanto, o cliente deve encaminhar um e-mail para <a href=\"mailto:cbmai@cpqba.unicamp.br\">cbmai@cpqba.unicamp.br<\/a> ou para a curadora da cole\u00e7\u00e3o, Dra. Derlene Attili de Angelis (<a href=\"mailto:derlene@cpqba.unicamp.br\">derlene@cpqba.unicamp.br<\/a>), contendo a solicita\u00e7\u00e3o do servi\u00e7o de interesse, o nome da Institui\u00e7\u00e3o\/Empresa do qual est\u00e1 afiliado e o n\u00famero do telefone.<\/p>\n<p>Ap\u00f3s o recebimento do documento assinado poderemos receber a(s) cultura(s) para a realiza\u00e7\u00e3o do servi\u00e7o.<\/p>\n<p>As culturas podem ser encaminhadas pelo correio em placa descart\u00e1vel ou tubo tipo Falcon, desde que bem embalados em pl\u00e1stico bolha e camada tripla.<\/p>\n<div style=\"border: solid 1px #CCC; background-image: url('https:\/\/cbmai.cpqba.unicamp.br\/wp-content\/uploads\/2025\/05\/Fingerpring_Combinado-scaled.jpg'); background-size: 100% 100%; height: 254px; width: 100%; margin-bottom: 0px; text-align: center; margin: 0px auto;\"><\/div>\n<p style=\"text-align: center; text-size: 10pt; margin-top: 0px;\">Fonte: Autoria pr\u00f3pria<\/p>\n<p><\/p>","protected":false},"excerpt":{"rendered":"<p>A CBMAI realiza servi\u00e7os de caracteriza\u00e7\u00e3o e identifica\u00e7\u00e3o de microrganismo (bact\u00e9rias, fungos filamentosos e leveduras), baseada na integra\u00e7\u00e3o de dados de taxonomia molecular (sequenciamento de DNA, an\u00e1lise de dist\u00e2ncia gen\u00e9tica e t\u00e9cnicas de fingerprint) e dados de taxonomia convencional (caracter\u00edsticas morfol\u00f3gicas). M\u00e9todos independentes de cultivo s\u00e3o utilizados para a caracteriza\u00e7\u00e3o da diversidade microbiana por sequenciamento [&hellip;]<\/p>\n","protected":false},"author":4,"featured_media":0,"parent":0,"menu_order":0,"comment_status":"closed","ping_status":"closed","template":"fullwidth.php","meta":{"footnotes":""},"class_list":["post-169","page","type-page","status-publish","hentry"],"_links":{"self":[{"href":"https:\/\/cbmai.cpqba.unicamp.br\/index.php?rest_route=\/wp\/v2\/pages\/169","targetHints":{"allow":["GET"]}}],"collection":[{"href":"https:\/\/cbmai.cpqba.unicamp.br\/index.php?rest_route=\/wp\/v2\/pages"}],"about":[{"href":"https:\/\/cbmai.cpqba.unicamp.br\/index.php?rest_route=\/wp\/v2\/types\/page"}],"author":[{"embeddable":true,"href":"https:\/\/cbmai.cpqba.unicamp.br\/index.php?rest_route=\/wp\/v2\/users\/4"}],"replies":[{"embeddable":true,"href":"https:\/\/cbmai.cpqba.unicamp.br\/index.php?rest_route=%2Fwp%2Fv2%2Fcomments&post=169"}],"version-history":[{"count":6,"href":"https:\/\/cbmai.cpqba.unicamp.br\/index.php?rest_route=\/wp\/v2\/pages\/169\/revisions"}],"predecessor-version":[{"id":838,"href":"https:\/\/cbmai.cpqba.unicamp.br\/index.php?rest_route=\/wp\/v2\/pages\/169\/revisions\/838"}],"wp:attachment":[{"href":"https:\/\/cbmai.cpqba.unicamp.br\/index.php?rest_route=%2Fwp%2Fv2%2Fmedia&parent=169"}],"curies":[{"name":"wp","href":"https:\/\/api.w.org\/{rel}","templated":true}]}}